17
Let i(t) = 64*t + 154. Suppose 280 + 638 = 34*n. List the prime factors of i(n).
2, 941
Let s be (-18)/4*(-7700)/15. Let g = s - 1415. Suppose -2*i + 4*p + 340 = 0, 6*i - g = i + p. What are the prime factors of i?
2, 3, 5
What are the prime factors of -80*(-5)/(80/712)?
2, 5, 89
Suppose 2*d + 7*d - 50256 = 0. Suppose 2*q - d = -2*q. What are the prime factors of q?
2, 349
Suppose -s + 148396 = -5*y + 10*y, 4*y - s = 118706. List the prime factors of y.
2, 11, 19, 71
Suppose 0*b = -5*b + 4*b. Suppose b = 27*j - 2301 - 13683. List the prime factors of j.
2, 37
List the prime factors of (0 - (-119188)/10) + -5 + (-520)/(-100).
3, 29, 137
Let m = -2 - -5. Suppose 643 = 10*z + 603. Suppose 5*h - m*a = -z*a + 93, -4*h + 63 = -3*a. List the prime factors of h.
2, 3
Let r = -724 + 729. Suppose -r*b = -5, 3*l - 4*b + b = 3477. List the prime factors of l.
2, 5, 29
Let q(i) = -200*i + 78 + 35*i + 60*i. What are the prime factors of q(-8)?
2, 3, 17
Suppose 3*n + 15 = -39. Let k = 6 - n. Suppose 0 = r + c - k, -3*r + 2*c = -7*r + 106. What are the prime factors of r?
29
Let x be (918/9)/(-3 - 994/(-330)). Suppose 10*y + x = 43*y. List the prime factors of y.
3, 5, 17
Let l = -1295 + 861. Let o = l + 854. Suppose 60*v = 55*v + o. What are the prime factors of v?
2, 3, 7
Let g(k) = k**3 + 3*k**2 - 4*k + 5. Let a be g(-4). Suppose 0*b + b = 4*o - 6, -a*b - 4*o = -90. Let w(q) = -2*q**2 + 32*q + 13. List the prime factors of w(b).
3, 23
Let r = 29 + 3. Suppose 0 = 19*i - r*i + 10257. List the prime factors of i.
3, 263
Suppose -p = -3*p - a - 1, -3*a + 30 = -5*p. Let k be (-6)/(30/85) + p. List the prime factors of 4*((-435)/k - -3).
3, 11
Suppose 9*v = 13*v - 8. Let s be (v - 14/6)/(25/(-225)). Suppose 0*o = s*o - 159. What are the prime factors of o?
53
Let v(z) = 4*z**2 + 235*z + 380. What are the prime factors of v(-76)?
2, 19, 37
Suppose -659223 = 41*n - 2959610. List the prime factors of n.
19, 2953
Let l be (48/10)/(3*(-5)/150). Let v be ((-2628)/l)/(3/16). Let y = -170 + v. What are the prime factors of y?
2, 61
Let o(i) = i**2 - 4*i - 12. Let x be o(5). Let m(h) = -104*h - 25. What are the prime factors of m(x)?
19, 37
Let k(t) = t**3 + 8*t**2 - 5*t + 21. Let n be k(-8). Suppose 5*l - n = -4*c, 16 + 4 = 5*c. List the prime factors of l/(-21) - 4520/(-28).
7, 23
Suppose 4 + 54 = 29*j. List the prime factors of (j + -1 - -680) + -2.
7, 97
Suppose 3*u + 23*r = 20*r + 21, 22 = 3*u + 4*r. Let y = -19 - -27. List the prime factors of 190 - (-2 - y/u*-3).
2, 47
Suppose 8*k + 273 = k. Let i = k - -42. List the prime factors of (1/(-6)*i)/(1/(-52)).
2, 13
Suppose 0*h - 4*n - 596 = 4*h, 0 = -5*h + 4*n - 727. Let z = -41 - h. What are the prime factors of z?
2, 53
Suppose 108*t - 1639174 = 364226. What are the prime factors of t?
2, 5, 7, 53
Suppose 4*u + 13*q - 224407 = 0, 21774 + 34277 = u - 4*q. What are the prime factors of u?
3, 31, 67
Let l(o) = -o + 43. Let w be l(31). What are the prime factors of w*(-5 - (-65)/3)?
2, 5
Let l(i) = i**2 - 15*i + 145. Let t be l(24). Let o = 1282 - t. List the prime factors of o.
3, 307
Suppose 52497 = 3*q - 2*j, 284*j - 288*j = 0. What are the prime factors of q?
3, 19, 307
Let l(x) be the second derivative of x**5 - 7*x**4/12 - 7*x**3/6 + 3*x**2/2 - 4*x + 5. What are the prime factors of l(3)?
3, 17
Suppose 19 = 4*s - 1. Suppose s*a - 2394 = -13*a. What are the prime factors of a?
7, 19
Let z = -2190 - -4453. Suppose -s = -2*b - 290, 0 = -5*s - 4*b + z - 813. What are the prime factors of s?
2, 5, 29
Suppose 376*p + 1009606 = 405*p. What are the prime factors of p?
2, 13, 103
Suppose -3*a + 4*a = 0, -2*s - 3*a + 1122 = 0. Suppose 2 = -x, -5*j + 2523 = -x + s. What are the prime factors of j?
2, 7
Suppose -13563 = 130*j - 141*j. Suppose 5*z - 527 = -h + 682, h - 3*z = j. List the prime factors of h.
2, 3, 17
Suppose -9*v - 234 = -684. What are the prime factors of v/(-75) + 2428/6?
2, 101
Suppose 0 = -c + 560 + 655. Suppose -7*s + c = -297. What are the prime factors of s?
2, 3
Let x = -30 - -35. Let s = 155 - 158. List the prime factors of s/x - 4/10 - -190.
3, 7
Let b = 199 + -207. List the prime factors of (286 - 2)/((-4)/b).
2, 71
Let b(h) = 1678*h**2 - 49*h - 46. List the prime factors of b(-5).
113, 373
Let i = 248 - -6. Let k(z) = 2*z**2. Let t be k(-1). What are the prime factors of (1 - t)*-1*(i + -10)?
2, 61
Let i(s) = -2*s**2 - 2*s + 2. Suppose 2*j + 5*m = -j - 14, -5*m = -3*j + 26. Let p be i(j). What are the prime factors of (56/p)/(3/(-30))?
2, 7
Let h(p) = 3*p + 14. Let s be h(13). Let u = s - 53. Suppose u = -3*d - 12, -4*r + 191 + 37 = -d. What are the prime factors of r?
2, 7
Let t = 354 - 354. Let a be (-469)/(1 - 2) - -1. Suppose -5*h + t*h + a = 0. What are the prime factors of h?
2, 47
Let o(d) = -d - 8*d**2 + 3*d**3 - 12 - 4*d**3 - d. Let r be o(-8). Suppose r*q - 4 = -3*s, -2*s - 2 = 4*q + q. What are the prime factors of s?
2
Suppose 2*d = 2*u - 29756, 5*u + 15*d - 11*d = 74336. What are the prime factors of u?
2, 11, 13
Suppose 3*i + 23 = -4*r, 3 = 3*r - 0. List the prime factors of 1 - 3/i*6387.
2, 3, 5, 71
Suppose -n - 2*n - p = -236, 3*n - 226 = p. Suppose 69*k - 20*k - 2744 = 0. Let h = n - k. List the prime factors of h.
3, 7
Let c = 421 - 396. Suppose -8*a = -c*a + 15062. List the prime factors of a.
2, 443
List the prime factors of (-2)/24 - (100214111/348)/(-67).
2, 7, 307
Let l be 9/(-13 - -4)*20. Let x(h) = -65*h - 352. What are the prime factors of x(l)?
2, 3, 79
Suppose 46*t = 33*t + 24*t - 144034. What are the prime factors of t?
2, 6547
Let o(b) = 2*b**3 - 35*b**2 + 156*b + 14. What are the prime factors of o(25)?
97, 137
Suppose -66 = -s - 6*z + z, -4*z = -2*s + 104. Suppose 2*y = -a + 81, 2*y - a - s = 3*a. What are the prime factors of y?
2, 19
Suppose 54*z - 2589646 = -201057 + 1202195. List the prime factors of z.
2, 1039
Let z(x) = 18*x**2 + 4*x - 2. Let c be z(-4). Suppose 4*t + 4*a = 24, 11 = t + 5*a + 5. List the prime factors of 1/((-1)/c)*t/(-9).
2, 3, 5
Let c(b) = 26*b + 24. Let l(i) = -8*i - 8. Let s(f) = -3*c(f) - 10*l(f). Let n(d) = d + 1. Let w(a) = 2*n(a) + s(a). List the prime factors of w(8).
2, 3, 7
Let x(j) = -j**3 - 4*j**2 - 13*j - 11. Let i be x(-14). Suppose -3*a + i = -p, 5 = 5*p + 10. What are the prime factors of a?
2, 5, 71
Suppose -15*l = 10*l - 7*l - 108954. What are the prime factors of l?
6053
Let i(f) = 163*f + 92 + 132 - 320*f + 64*f. What are the prime factors of i(-9)?
1061
What are the prime factors of (-400)/12*290931/(-148)?
5, 2621
What are the prime factors of 1/(18/432) + 30159?
3, 10061
Let i(d) = -12335*d + 1542. List the prime factors of i(-1).
13877
Let c(d) be the third derivative of 4*d**4/3 - d**3/3 + 11*d**2 + 4*d. List the prime factors of c(1).
2, 3, 5
Let l = -148 + 194. Suppose -l*z = -54*z + 848. List the prime factors of z.
2, 53
Let c = 50 - 52. Let y be 4 + (-320)/25 + c/10. Let d(v) = -3*v - 17. List the prime factors of d(y).
2, 5
Let q(d) = -146*d**2 - 9*d + 10. Let t be q(3). Let j = t + 1895. What are the prime factors of j?
2, 3, 47
Let a = 13183 - 8308. Let x = a + -2869. List the prime factors of x.
2, 17, 59
Let o(q) = 1138*q**3 + 4*q**2 - 135*q + 554. What are the prime factors of o(4)?
2, 5, 23, 317
Let s = 42 + -108. Let z = -57 - s. Suppose z*d - 10*d = -37. List the prime factors of d.
37
Suppose 2*q + 4*t = -676, -4*q - 1701 = -3*t - 382. Let v = q + 633. What are the prime factors of v?
7, 43
Let y be -1 + (86 - (3 - -2)). Suppose 3*w + 4*p - 30 = 0, -p + 9 = 2*p. What are the prime factors of (w/15)/(4/y)?
2
Suppose -c - 5*b = -9 + 10, 5*c - 3*b = 23. Suppose 0 = c*l + 3*p - 1018, -5*l + 3*p = -1213 - 73. List the prime factors of l.
2
Suppose -z + 2*z = 67. Suppose l + 4*y = y - 43, -80 = 2*l + 4*y. Let w = l + z. List the prime factors of w.
3, 11
Let o(r) = -61*r**2 + 3. Let v be (-6)/21 - (-76)/(-28). Let k(d) = -20*d**2 + 1. Let c(m) = v*o(m) + 8*k(m). List the prime factors of c(2).
7, 13
Suppose -2*i - 564 = -0*j - 4*j, i = -2. Let s be 3*(0 - -1)*-1 - -17. Suppose 4*b = s*b - j. List the prime factors of b.
2, 7
Let b(n) = -7*n - 122. Let v be b(-22). Suppose v - 47 = -z. What are the prime factors of z?
3, 5
Suppose 3*d - 84 = t - 3*t, 4*t = -12. Let q = 63 - d. Suppose 3*a + 2*r + q = 236,